emainder when 2521733 is divided by 420284.
29
What is the remainder when 58986849 is divided by 142?
49
Calculate the remainder when 8829491 is divided by 100.
91
Calculate the remainder when 498051 is divided by 99577.
166
Calculate the remainder when 2154526 is divided by 21.
10
Calculate the remainder when 2127525 is divided by 1378.
1271
What is the remainder when 2671384 is divided by 2671291?
93
What is the remainder when 349880 is divided by 116564?
188
Calculate the remainder when 270205 is divided by 957.
331
Calculate the remainder when 755339 is divided by 82.
37
What is the remainder when 129998 is divided by 21633?
200
What is the remainder when 17788 is divided by 15185?
2603
Calculate the remainder when 230340 is divided by 9269.
7884
Calculate the remainder when 6534050 is divided by 27.
23
Calculate the remainder when 1676517 is divided by 8178.
27
What is the remainder when 30094 is divided by 4956?
358
Calculate the remainder when 8860 is divided by 1106.
12
Calculate the remainder when 16519848 is divided by 275.
48
What is the remainder when 61352 is divided by 61301?
51
Calculate the remainder when 14125962 is divided by 13.
6
Calculate the remainder when 17833140 is divided by 4198.
36
Calculate the remainder when 15251041 is divided by 298.
295
Calculate the remainder when 5438021 is divided by 1359503.
9
Calculate the remainder when 711953 is divided by 432.
17
Calculate the remainder when 9092429 is divided by 527.
98
What is the remainder when 30348295 is divided by 189?
187
Calculate the remainder when 2961743 is divided by 370216.
15
Calculate the remainder when 1990380 is divided by 1319.
9
Calculate the remainder when 655876942 is divided by 565899.
1
Calculate the remainder when 12872 is divided by 997.
908
What is the remainder when 15157 is divided by 13539?
1618
Calculate the remainder when 15255 is divided by 10120.
5135
Calculate the remainder when 59784 is divided by 883.
623
Calculate the remainder when 628978 is divided by 62884.
138
What is the remainder when 136752 is divided by 962?
148
What is the remainder when 92124491 is divided by 8221?
8186
What is the remainder when 53011776 is divided by 141?
6
Calculate the remainder when 10607584 is divided by 200143.
5
What is the remainder when 658813 is divided by 13445?
8
Calculate the remainder when 61999 is divided by 5149.
211
What is the remainder when 13662907 is divided by 254?
247
What is the remainder when 152523 is divided by 2627?
157
What is the remainder when 2194096 is divided by 365657?
154
Calculate the remainder when 538881 is divided by 1571.
28
What is the remainder when 3001825 is divided by 3001785?
40
What is the remainder when 745309 is divided by 372574?
161
What is the remainder when 521192 is divided by 12712?
0
Calculate the remainder when 6172 is divided by 3095.
3077
What is the remainder when 507174 is divided by 914?
818
Calculate the remainder when 29186791 is divided by 779.
777
What is the remainder when 3063663 is divided by 191476?
47
Calculate the remainder when 310632 is divided by 106.
52
What is the remainder when 12050 is divided by 2173?
1185
What is the remainder when 1067885 is divided by 48540?
5
What is the remainder when 5402649 is divided by 50?
49
What is the remainder when 157340088 is divided by 19?
5
Calculate the remainder when 471616 is divided by 4869.
4192
What is the remainder when 271602 is divided by 3353?
9
Calculate the remainder when 5595561 is divided by 213.
51
What is the remainder when 19009768 is divided by 1072?
1064
Calculate the remainder when 4805535 is divided by 4805531.
4
What is the remainder when 497914 is divided by 44706?
6148
What is the remainder when 2810234 is divided by 132?
86
Calculate the remainder when 29941213 is divided by 2393.
2390
What is the remainder when 63777495 is divided by 2435?
2410
Calculate the remainder when 2046962 is divided by 2361.
2336
Calculate the remainder when 177185 is divided by 224.
1
What is the remainder when 3767 is divided by 3036?
731
Calculate the remainder when 91390469 is divided by 13824.
5
Calculate the remainder when 10627936 is divided by 3542627.
55
Calculate the remainder when 31478105 is divided by 379.
260
Calculate the remainder when 259285 is divided by 259278.
7
What is the remainder when 7845829 is divided by 46?
23
Calculate the remainder when 120623 is divided by 16977.
1784
Calculate the remainder when 1811924 is divided by 5075.
149
Calculate the remainder when 909071 is divided by 454525.
21
What is the remainder when 115897 is divided by 183?
58
What is the remainder when 2880565 is divided by 406?
401
What is the remainder when 914222 is divided by 4193?
148
Calculate the remainder when 16283732 is divided by 417531.
23
What is the remainder when 231291583 is divided by 105?
103
What is the remainder when 608989 is divided by 3123?
4
What is the remainder when 16265 is divided by 448?
137
What is the remainder when 370791 is divided by 3596?
403
What is the remainder when 24094566 is divided by 230?
226
Calculate the remainder when 37964972 is divided by 5423565.
17
What is the remainder when 16563596 is divided by 613465?
41
Calculate the remainder when 269371 is divided by 67275.
271
Calculate the remainder when 263840 is divided by 425.
340
Calculate the remainder when 38767957 is divided by 1540.
1537
What is the remainder when 1500 is divided by 133?
37
What is the remainder when 1225577 is divided by 8337?
38
Calculate the remainder when 1332606 is divided by 339.
336
Calculate the remainder when 3016708 is divided by 107.
57
What is the remainder when 8179595 is divided by 63?
53
What is the remainder when 538444180 is divided by 2081?
2078
Calculate the remainder when 3099637 is divided by 124.
9
What is the remainder when 14803668 is divided by 4934555?
3
What is the remainder when 1644974 is divided by 506?
474
Calculate the remainder when 133283402 is divided by 66.
32
Calculate the remainder when 59900092 is divided by 85.
82
Calculate the remainder when 983324832 is divided by 6795.
6792
Calculate the remainder when 1394424687 is divided by 853.
850
What is the remainder when 179312 is divided by 35744?
592
Calculate the remainder when 6754162 is divided by 1688520.
82
Calculate the remainder when 783264 is divided by 89.
64
Calculate the remainder when 33217479 is divided by 1145430.
9
Calculate the remainder when 78816859 is divided by 9.
7
Calculate the remainder when 5952523 is divided by 280.
3
What is the remainder when 37873 is divided by 18799?
275
What is the remainder when 198289 is divided by 13840?
4529
What is the remainder when 6109267 is divided by 190909?
179
Calculate the remainder when 333710429 is divided by 171.
167
Calculate the remainder when 90442 is divided by 9005.
392
Calculate the remainder when 168102 is divided by 84029.
44
Calculate the remainder when 21709747 is divided by 7236518.
193
Calculate the remainder when 5158796 is divided by 1719595.
11
What is the remainder when 239463 is divided by 14825?
2263
What is the remainder when 1250702 is divided by 56?
54
What is the remainder when 4340700 is divided by 2170228?
244
What is the remainder when 50583585 is divided by 4215298?
9
Calculate the remainder when 364828 is divided by 1697.
1670
Calculate the remainder when 9736381 is divided by 721.
718
What is the remainder when 744928 is divided by 118?
112
What is the remainder when 40968 is divided by 4131?
3789
Calculate the remainder when 1474539 is divided by 86.
69
Calculate the remainder when 788346 is divided by 520.
26
Calculate the remainder when 55686309 is divided by 828.
825
What is the remainder when 5295052 is divided by 1764943?
223
Calculate the remainder when 173503 is divided by 72.
55
What is the remainder when 118042 is divided by 16860?
22
What is the remainder when 68310 is divided by 4963?
3791
Calculate the remainder when 36096031 is divided by 538.
535
What is the remainder when 50569747 is divided by 1750?
1747
What is the remainder when 12312 is divided by 719?
89
Calculate the remainder when 67077712 is divided by 360.
352
Calculate the remainder when 864965 is divided by 54058.
37
Calculate the remainder when 305802 is divided by 1296.
12